{"id":98,"date":"2025-12-17T11:24:36","date_gmt":"2025-12-17T11:24:36","guid":{"rendered":"https:\/\/gunashekar-avocat.fr\/?page_id=98"},"modified":"2025-12-22T21:37:56","modified_gmt":"2025-12-22T21:37:56","slug":"expertise","status":"publish","type":"page","link":"https:\/\/gunashekar-avocat.fr\/?page_id=98","title":{"rendered":"Expertise"},"content":{"rendered":"\t\t<div data-elementor-type=\"wp-page\" data-elementor-id=\"98\" class=\"elementor elementor-98\" data-elementor-post-type=\"page\">\n\t\t\t\t<div class=\"elementor-element elementor-element-229137f e-flex e-con-boxed e-con e-parent\" data-id=\"229137f\" data-element_type=\"container\" data-settings=\"{&quot;background_background&quot;:&quot;classic&quot;}\">\n\t\t\t\t\t<div class=\"e-con-inner\">\n\t\t<div class=\"elementor-element elementor-element-cb52923 e-con-full e-flex e-con e-child\" data-id=\"cb52923\" data-element_type=\"container\">\n\t\t\t\t<div class=\"elementor-element elementor-element-b1f6e4b elementor-widget elementor-widget-heading\" data-id=\"b1f6e4b\" data-element_type=\"widget\" data-widget_type=\"heading.default\">\n\t\t\t\t\t<h2 class=\"elementor-heading-title elementor-size-default\">Expertises<\/h2>\t\t\t\t<\/div>\n\t\t\t\t<\/div>\n\t\t\t\t\t<\/div>\n\t\t\t\t<\/div>\n\t\t<div class=\"elementor-element elementor-element-61bc0b9 e-flex e-con-boxed e-con e-parent\" data-id=\"61bc0b9\" data-element_type=\"container\" data-settings=\"{&quot;background_background&quot;:&quot;classic&quot;}\">\n\t\t\t\t\t<div class=\"e-con-inner\">\n\t\t<div class=\"elementor-element elementor-element-6b48b59 e-con-full e-flex e-con e-child\" data-id=\"6b48b59\" data-element_type=\"container\">\n\t\t<div class=\"elementor-element elementor-element-92346d3 e-con-full e-flex e-con e-child\" data-id=\"92346d3\" data-element_type=\"container\">\n\t\t\t\t<div class=\"elementor-element elementor-element-7857410 elementor-widget elementor-widget-heading\" data-id=\"7857410\" data-element_type=\"widget\" data-widget_type=\"heading.default\">\n\t\t\t\t\t<h2 class=\"elementor-heading-title elementor-size-default\">Demandes relatives \u00e0 \nl\u2019ex\u00e9cution du contrat de travail\u00a0:<\/h2>\t\t\t\t<\/div>\n\t\t\t\t<div class=\"elementor-element elementor-element-8fc7c43 elementor-widget-divider--view-line elementor-widget elementor-widget-divider\" data-id=\"8fc7c43\" data-element_type=\"widget\" data-widget_type=\"divider.default\">\n\t\t\t\t\t\t\t<div class=\"elementor-divider\">\n\t\t\t<span class=\"elementor-divider-separator\">\n\t\t\t\t\t\t<\/span>\n\t\t<\/div>\n\t\t\t\t\t\t<\/div>\n\t\t\t\t<\/div>\n\t\t<div class=\"elementor-element elementor-element-55e4420 e-con-full e-flex e-con e-child\" data-id=\"55e4420\" data-element_type=\"container\">\n\t\t<div class=\"elementor-element elementor-element-bc1e614 e-con-full e-flex e-con e-child\" data-id=\"bc1e614\" data-element_type=\"container\">\n\t\t\t\t<div class=\"elementor-element elementor-element-c29ba05 elementor-widget elementor-widget-image\" data-id=\"c29ba05\" data-element_type=\"widget\" data-widget_type=\"image.default\">\n\t\t\t\t\t\t\t\t\t\t\t\t\t\t\t<img decoding=\"async\" width=\"42\" height=\"42\" src=\"https:\/\/gunashekar-avocat.fr\/wp-content\/uploads\/2025\/12\/Group-6.png\" class=\"attachment-full size-full wp-image-124\" alt=\"\" \/>\t\t\t\t\t\t\t\t\t\t\t\t\t\t\t<\/div>\n\t\t\t\t<div class=\"elementor-element elementor-element-46d49a7 elementor-widget__width-initial elementor-widget-mobile__width-initial elementor-widget elementor-widget-text-editor\" data-id=\"46d49a7\" data-element_type=\"widget\" data-widget_type=\"text-editor.default\">\n\t\t\t\t\t\t\t\t\t<p>Contestation de <strong>sanctions<\/strong> (bl\u00e2me, avertissement, mise \u00e0 pied disciplinaire, etc.),<\/p>\t\t\t\t\t\t\t\t<\/div>\n\t\t\t\t<\/div>\n\t\t<div class=\"elementor-element elementor-element-c905bc9 e-con-full e-flex e-con e-child\" data-id=\"c905bc9\" data-element_type=\"container\">\n\t\t\t\t<div class=\"elementor-element elementor-element-8b357a0 elementor-widget elementor-widget-image\" data-id=\"8b357a0\" data-element_type=\"widget\" data-widget_type=\"image.default\">\n\t\t\t\t\t\t\t\t\t\t\t\t\t\t\t<img decoding=\"async\" width=\"42\" height=\"42\" src=\"https:\/\/gunashekar-avocat.fr\/wp-content\/uploads\/2025\/12\/Group-6-1.png\" class=\"attachment-full size-full wp-image-125\" alt=\"\" \/>\t\t\t\t\t\t\t\t\t\t\t\t\t\t\t<\/div>\n\t\t\t\t<div class=\"elementor-element elementor-element-d3c2fd2 elementor-widget__width-initial elementor-widget-mobile__width-initial elementor-widget elementor-widget-text-editor\" data-id=\"d3c2fd2\" data-element_type=\"widget\" data-widget_type=\"text-editor.default\">\n\t\t\t\t\t\t\t\t\t<p>D\u00e9nonciation de faits de <strong>violence<\/strong> au travail,<\/p>\t\t\t\t\t\t\t\t<\/div>\n\t\t\t\t<\/div>\n\t\t<div class=\"elementor-element elementor-element-ef165fb e-con-full e-flex e-con e-child\" data-id=\"ef165fb\" data-element_type=\"container\">\n\t\t\t\t<div class=\"elementor-element elementor-element-fc9e6d5 elementor-widget elementor-widget-image\" data-id=\"fc9e6d5\" data-element_type=\"widget\" data-widget_type=\"image.default\">\n\t\t\t\t\t\t\t\t\t\t\t\t\t\t\t<img decoding=\"async\" width=\"42\" height=\"42\" src=\"https:\/\/gunashekar-avocat.fr\/wp-content\/uploads\/2025\/12\/Group-6-2.png\" class=\"attachment-full size-full wp-image-126\" alt=\"\" \/>\t\t\t\t\t\t\t\t\t\t\t\t\t\t\t<\/div>\n\t\t\t\t<div class=\"elementor-element elementor-element-623008e elementor-widget__width-initial elementor-widget-mobile__width-initial elementor-widget elementor-widget-text-editor\" data-id=\"623008e\" data-element_type=\"widget\" data-widget_type=\"text-editor.default\">\n\t\t\t\t\t\t\t\t\t<p><strong>Harc\u00e8lement<\/strong> moral (harc\u00e8lement manag\u00e9rial, organisationnel, etc.) et sexuel,<\/p>\t\t\t\t\t\t\t\t<\/div>\n\t\t\t\t<\/div>\n\t\t<div class=\"elementor-element elementor-element-a47ac8a e-con-full e-flex e-con e-child\" data-id=\"a47ac8a\" data-element_type=\"container\">\n\t\t\t\t<div class=\"elementor-element elementor-element-e91d0bb elementor-widget elementor-widget-image\" data-id=\"e91d0bb\" data-element_type=\"widget\" data-widget_type=\"image.default\">\n\t\t\t\t\t\t\t\t\t\t\t\t\t\t\t<img loading=\"lazy\" decoding=\"async\" width=\"42\" height=\"42\" src=\"https:\/\/gunashekar-avocat.fr\/wp-content\/uploads\/2025\/12\/Group-6-3.png\" class=\"attachment-full size-full wp-image-127\" alt=\"\" \/>\t\t\t\t\t\t\t\t\t\t\t\t\t\t\t<\/div>\n\t\t\t\t<div class=\"elementor-element elementor-element-f9ea036 elementor-widget__width-initial elementor-widget-mobile__width-initial elementor-widget elementor-widget-text-editor\" data-id=\"f9ea036\" data-element_type=\"widget\" data-widget_type=\"text-editor.default\">\n\t\t\t\t\t\t\t\t\t<p><strong>Discrimination<\/strong> (\u00e0 raison de l\u2019\u00e9tat de sant\u00e9, orientation sexuelle, sexe, origine, (pr\u00e9tendue) race, grossesse, etc.),<\/p>\t\t\t\t\t\t\t\t<\/div>\n\t\t\t\t<\/div>\n\t\t<div class=\"elementor-element elementor-element-d5211ce e-con-full e-flex e-con e-child\" data-id=\"d5211ce\" data-element_type=\"container\">\n\t\t\t\t<div class=\"elementor-element elementor-element-3061d57 elementor-widget elementor-widget-image\" data-id=\"3061d57\" data-element_type=\"widget\" data-widget_type=\"image.default\">\n\t\t\t\t\t\t\t\t\t\t\t\t\t\t\t<img loading=\"lazy\" decoding=\"async\" width=\"42\" height=\"42\" src=\"https:\/\/gunashekar-avocat.fr\/wp-content\/uploads\/2025\/12\/Group-6-4.png\" class=\"attachment-full size-full wp-image-128\" alt=\"\" \/>\t\t\t\t\t\t\t\t\t\t\t\t\t\t\t<\/div>\n\t\t\t\t<div class=\"elementor-element elementor-element-e9c2ce1 elementor-widget__width-initial elementor-widget-mobile__width-initial elementor-widget elementor-widget-text-editor\" data-id=\"e9c2ce1\" data-element_type=\"widget\" data-widget_type=\"text-editor.default\">\n\t\t\t\t\t\t\t\t\t<p>Rappel <strong>d\u2019heures suppl\u00e9mentaires<\/strong> (y compris pour les cadres en forfait jours),<\/p>\t\t\t\t\t\t\t\t<\/div>\n\t\t\t\t<\/div>\n\t\t<div class=\"elementor-element elementor-element-5f62780 e-con-full e-flex e-con e-child\" data-id=\"5f62780\" data-element_type=\"container\">\n\t\t\t\t<div class=\"elementor-element elementor-element-7ed6f12 elementor-widget elementor-widget-image\" data-id=\"7ed6f12\" data-element_type=\"widget\" data-widget_type=\"image.default\">\n\t\t\t\t\t\t\t\t\t\t\t\t\t\t\t<img loading=\"lazy\" decoding=\"async\" width=\"42\" height=\"42\" src=\"https:\/\/gunashekar-avocat.fr\/wp-content\/uploads\/2025\/12\/Group-6-5.png\" class=\"attachment-full size-full wp-image-129\" alt=\"\" \/>\t\t\t\t\t\t\t\t\t\t\t\t\t\t\t<\/div>\n\t\t\t\t<div class=\"elementor-element elementor-element-91dad96 elementor-widget__width-initial elementor-widget-mobile__width-initial elementor-widget elementor-widget-text-editor\" data-id=\"91dad96\" data-element_type=\"widget\" data-widget_type=\"text-editor.default\">\n\t\t\t\t\t\t\t\t\t<p><strong>Rappel de salaires<\/strong> (fixes, variables, primes, commissions, bonus (notamment ceux des traders),<\/p>\t\t\t\t\t\t\t\t<\/div>\n\t\t\t\t<\/div>\n\t\t<div class=\"elementor-element elementor-element-961d9fb e-con-full e-flex e-con e-child\" data-id=\"961d9fb\" data-element_type=\"container\">\n\t\t\t\t<div class=\"elementor-element elementor-element-804fe19 elementor-widget elementor-widget-image\" data-id=\"804fe19\" data-element_type=\"widget\" data-widget_type=\"image.default\">\n\t\t\t\t\t\t\t\t\t\t\t\t\t\t\t<img loading=\"lazy\" decoding=\"async\" width=\"42\" height=\"42\" src=\"https:\/\/gunashekar-avocat.fr\/wp-content\/uploads\/2025\/12\/Group-6-6.png\" class=\"attachment-full size-full wp-image-113\" alt=\"\" \/>\t\t\t\t\t\t\t\t\t\t\t\t\t\t\t<\/div>\n\t\t\t\t<div class=\"elementor-element elementor-element-58fa789 elementor-widget__width-initial elementor-widget-mobile__width-initial elementor-widget elementor-widget-text-editor\" data-id=\"58fa789\" data-element_type=\"widget\" data-widget_type=\"text-editor.default\">\n\t\t\t\t\t\t\t\t\t<p>Reconnaissance AT\/MP (burn-out, etc.),<\/p>\t\t\t\t\t\t\t\t<\/div>\n\t\t\t\t<\/div>\n\t\t\t\t<\/div>\n\t\t\t\t<\/div>\n\t\t<div class=\"elementor-element elementor-element-625bf45 e-con-full e-flex e-con e-child\" data-id=\"625bf45\" data-element_type=\"container\" data-settings=\"{&quot;background_background&quot;:&quot;classic&quot;}\">\n\t\t\t\t<div class=\"elementor-element elementor-element-71be462 elementor-widget elementor-widget-image\" data-id=\"71be462\" data-element_type=\"widget\" data-widget_type=\"image.default\">\n\t\t\t\t\t\t\t\t\t\t\t\t\t\t\t<img loading=\"lazy\" decoding=\"async\" width=\"622\" height=\"649\" src=\"https:\/\/gunashekar-avocat.fr\/wp-content\/uploads\/2025\/12\/Rectangle-312-1.jpg\" class=\"attachment-2048x2048 size-2048x2048 wp-image-123\" alt=\"\" srcset=\"https:\/\/gunashekar-avocat.fr\/wp-content\/uploads\/2025\/12\/Rectangle-312-1.jpg 622w, https:\/\/gunashekar-avocat.fr\/wp-content\/uploads\/2025\/12\/Rectangle-312-1-288x300.jpg 288w\" sizes=\"(max-width: 622px) 100vw, 622px\" \/>\t\t\t\t\t\t\t\t\t\t\t\t\t\t\t<\/div>\n\t\t\t\t<\/div>\n\t\t\t\t\t<\/div>\n\t\t\t\t<\/div>\n\t\t<div class=\"elementor-element elementor-element-889b321 e-flex e-con-boxed e-con e-parent\" data-id=\"889b321\" data-element_type=\"container\" data-settings=\"{&quot;background_background&quot;:&quot;classic&quot;}\">\n\t\t\t\t\t<div class=\"e-con-inner\">\n\t\t<div class=\"elementor-element elementor-element-15215ee e-con-full e-flex e-con e-child\" data-id=\"15215ee\" data-element_type=\"container\">\n\t\t<div class=\"elementor-element elementor-element-b93a324 e-con-full e-flex e-con e-child\" data-id=\"b93a324\" data-element_type=\"container\">\n\t\t\t\t<div class=\"elementor-element elementor-element-f5162cb elementor-widget elementor-widget-heading\" data-id=\"f5162cb\" data-element_type=\"widget\" data-widget_type=\"heading.default\">\n\t\t\t\t\t<h2 class=\"elementor-heading-title elementor-size-default\">Demandes relatives \u00e0 la rupture du contrat de travail&nbsp;:<\/h2>\t\t\t\t<\/div>\n\t\t\t\t<div class=\"elementor-element elementor-element-cdd10f0 elementor-widget-divider--view-line elementor-widget elementor-widget-divider\" data-id=\"cdd10f0\" data-element_type=\"widget\" data-widget_type=\"divider.default\">\n\t\t\t\t\t\t\t<div class=\"elementor-divider\">\n\t\t\t<span class=\"elementor-divider-separator\">\n\t\t\t\t\t\t<\/span>\n\t\t<\/div>\n\t\t\t\t\t\t<\/div>\n\t\t\t\t<\/div>\n\t\t<div class=\"elementor-element elementor-element-e9f8c7a e-con-full e-flex e-con e-child\" data-id=\"e9f8c7a\" data-element_type=\"container\">\n\t\t<div class=\"elementor-element elementor-element-333eae2 e-con-full e-flex e-con e-child\" data-id=\"333eae2\" data-element_type=\"container\">\n\t\t\t\t<div class=\"elementor-element elementor-element-4b54e52 elementor-widget elementor-widget-image\" data-id=\"4b54e52\" data-element_type=\"widget\" data-widget_type=\"image.default\">\n\t\t\t\t\t\t\t\t\t\t\t\t\t\t\t<img loading=\"lazy\" decoding=\"async\" width=\"42\" height=\"42\" src=\"https:\/\/gunashekar-avocat.fr\/wp-content\/uploads\/2025\/12\/Group-6-7.png\" class=\"attachment-full size-full wp-image-141\" alt=\"\" \/>\t\t\t\t\t\t\t\t\t\t\t\t\t\t\t<\/div>\n\t\t\t\t<div class=\"elementor-element elementor-element-535ab45 elementor-widget__width-initial elementor-widget-mobile__width-initial elementor-widget elementor-widget-text-editor\" data-id=\"535ab45\" data-element_type=\"widget\" data-widget_type=\"text-editor.default\">\n\t\t\t\t\t\t\t\t\t<p><strong>N\u00e9gociation<\/strong> \/ transaction en vue d\u2019une rupture amiable du contrat de travail, rupture conventionnelle, etc.<\/p>\t\t\t\t\t\t\t\t<\/div>\n\t\t\t\t<\/div>\n\t\t<div class=\"elementor-element elementor-element-67a3b0f e-con-full e-flex e-con e-child\" data-id=\"67a3b0f\" data-element_type=\"container\">\n\t\t\t\t<div class=\"elementor-element elementor-element-a429752 elementor-widget elementor-widget-image\" data-id=\"a429752\" data-element_type=\"widget\" data-widget_type=\"image.default\">\n\t\t\t\t\t\t\t\t\t\t\t\t\t\t\t<img loading=\"lazy\" decoding=\"async\" width=\"42\" height=\"42\" src=\"https:\/\/gunashekar-avocat.fr\/wp-content\/uploads\/2025\/12\/Group-6-2-1.png\" class=\"attachment-full size-full wp-image-143\" alt=\"\" \/>\t\t\t\t\t\t\t\t\t\t\t\t\t\t\t<\/div>\n\t\t\t\t<div class=\"elementor-element elementor-element-e6a5404 elementor-widget__width-initial elementor-widget-mobile__width-initial elementor-widget elementor-widget-text-editor\" data-id=\"e6a5404\" data-element_type=\"widget\" data-widget_type=\"text-editor.default\">\n\t\t\t\t\t\t\t\t\t<p>Contestation de rupture d\u2019essai, rupture anticip\u00e9e de CDD,<\/p>\t\t\t\t\t\t\t\t<\/div>\n\t\t\t\t<\/div>\n\t\t<div class=\"elementor-element elementor-element-0d0fb69 e-con-full e-flex e-con e-child\" data-id=\"0d0fb69\" data-element_type=\"container\">\n\t\t\t\t<div class=\"elementor-element elementor-element-117873f elementor-widget elementor-widget-image\" data-id=\"117873f\" data-element_type=\"widget\" data-widget_type=\"image.default\">\n\t\t\t\t\t\t\t\t\t\t\t\t\t\t\t<img loading=\"lazy\" decoding=\"async\" width=\"42\" height=\"42\" src=\"https:\/\/gunashekar-avocat.fr\/wp-content\/uploads\/2025\/12\/Group-6-1-1.png\" class=\"attachment-full size-full wp-image-142\" alt=\"\" \/>\t\t\t\t\t\t\t\t\t\t\t\t\t\t\t<\/div>\n\t\t\t\t<div class=\"elementor-element elementor-element-1451421 elementor-widget__width-initial elementor-widget-mobile__width-initial elementor-widget elementor-widget-text-editor\" data-id=\"1451421\" data-element_type=\"widget\" data-widget_type=\"text-editor.default\">\n\t\t\t\t\t\t\t\t\t<p>Contestation de <strong>licenciement<\/strong> (pour cause r\u00e9elle et s\u00e9rieuse, faute grave, insuffisance professionnelle, motif \u00e9conomique, etc.),<\/p>\t\t\t\t\t\t\t\t<\/div>\n\t\t\t\t<\/div>\n\t\t<div class=\"elementor-element elementor-element-cb69ff9 e-con-full e-flex e-con e-child\" data-id=\"cb69ff9\" data-element_type=\"container\">\n\t\t\t\t<div class=\"elementor-element elementor-element-aeebe0e elementor-widget elementor-widget-image\" data-id=\"aeebe0e\" data-element_type=\"widget\" data-widget_type=\"image.default\">\n\t\t\t\t\t\t\t\t\t\t\t\t\t\t\t<img loading=\"lazy\" decoding=\"async\" width=\"42\" height=\"42\" src=\"https:\/\/gunashekar-avocat.fr\/wp-content\/uploads\/2025\/12\/Group-6-4-1.png\" class=\"attachment-full size-full wp-image-145\" alt=\"\" \/>\t\t\t\t\t\t\t\t\t\t\t\t\t\t\t<\/div>\n\t\t\t\t<div class=\"elementor-element elementor-element-049acac elementor-widget__width-initial elementor-widget-mobile__width-initial elementor-widget elementor-widget-text-editor\" data-id=\"049acac\" data-element_type=\"widget\" data-widget_type=\"text-editor.default\">\n\t\t\t\t\t\t\t\t\t<p><strong>Requalification<\/strong> de contrats de freelances\/prestataires (notamment dans le domaine informatique et dans le Journalisme) en contrat de travail (CDI),<\/p>\t\t\t\t\t\t\t\t<\/div>\n\t\t\t\t<\/div>\n\t\t<div class=\"elementor-element elementor-element-40b675d e-con-full e-flex e-con e-child\" data-id=\"40b675d\" data-element_type=\"container\">\n\t\t\t\t<div class=\"elementor-element elementor-element-671eba4 elementor-widget elementor-widget-image\" data-id=\"671eba4\" data-element_type=\"widget\" data-widget_type=\"image.default\">\n\t\t\t\t\t\t\t\t\t\t\t\t\t\t\t<img loading=\"lazy\" decoding=\"async\" width=\"42\" height=\"42\" src=\"https:\/\/gunashekar-avocat.fr\/wp-content\/uploads\/2025\/12\/Group-6-4-1.png\" class=\"attachment-full size-full wp-image-145\" alt=\"\" \/>\t\t\t\t\t\t\t\t\t\t\t\t\t\t\t<\/div>\n\t\t\t\t<div class=\"elementor-element elementor-element-a988311 elementor-widget__width-initial elementor-widget-mobile__width-initial elementor-widget elementor-widget-text-editor\" data-id=\"a988311\" data-element_type=\"widget\" data-widget_type=\"text-editor.default\">\n\t\t\t\t\t\t\t\t\t<p>Prise d\u2019acte de la rupture du contrat (ou d\u00e9mission provoqu\u00e9e),<\/p>\t\t\t\t\t\t\t\t<\/div>\n\t\t\t\t<\/div>\n\t\t<div class=\"elementor-element elementor-element-ae27eec e-con-full e-flex e-con e-child\" data-id=\"ae27eec\" data-element_type=\"container\">\n\t\t\t\t<div class=\"elementor-element elementor-element-0fb5861 elementor-widget elementor-widget-image\" data-id=\"0fb5861\" data-element_type=\"widget\" data-widget_type=\"image.default\">\n\t\t\t\t\t\t\t\t\t\t\t\t\t\t\t<img loading=\"lazy\" decoding=\"async\" width=\"42\" height=\"42\" src=\"https:\/\/gunashekar-avocat.fr\/wp-content\/uploads\/2025\/12\/Group-7.png\" class=\"attachment-full size-full wp-image-146\" alt=\"\" \/>\t\t\t\t\t\t\t\t\t\t\t\t\t\t\t<\/div>\n\t\t\t\t<div class=\"elementor-element elementor-element-dc2896f elementor-widget__width-initial elementor-widget-mobile__width-initial elementor-widget elementor-widget-text-editor\" data-id=\"dc2896f\" data-element_type=\"widget\" data-widget_type=\"text-editor.default\">\n\t\t\t\t\t\t\t\t\t<p>R\u00e9siliation judiciaire du contrat,<\/p>\t\t\t\t\t\t\t\t<\/div>\n\t\t\t\t<\/div>\n\t\t<div class=\"elementor-element elementor-element-03681ba e-con-full e-flex e-con e-child\" data-id=\"03681ba\" data-element_type=\"container\">\n\t\t\t\t<div class=\"elementor-element elementor-element-773fd35 elementor-widget elementor-widget-image\" data-id=\"773fd35\" data-element_type=\"widget\" data-widget_type=\"image.default\">\n\t\t\t\t\t\t\t\t\t\t\t\t\t\t\t<img loading=\"lazy\" decoding=\"async\" width=\"42\" height=\"42\" src=\"https:\/\/gunashekar-avocat.fr\/wp-content\/uploads\/2025\/12\/Group-7-1.png\" class=\"attachment-full size-full wp-image-147\" alt=\"\" \/>\t\t\t\t\t\t\t\t\t\t\t\t\t\t\t<\/div>\n\t\t\t\t<div class=\"elementor-element elementor-element-4a64aa7 elementor-widget__width-initial elementor-widget-mobile__width-initial elementor-widget elementor-widget-text-editor\" data-id=\"4a64aa7\" data-element_type=\"widget\" data-widget_type=\"text-editor.default\">\n\t\t\t\t\t\t\t\t\t<p>Plaidoiries devant Conseil de prud\u2019hommes, et Cour d\u2019appel, etc.<\/p>\t\t\t\t\t\t\t\t<\/div>\n\t\t\t\t<\/div>\n\t\t\t\t<\/div>\n\t\t\t\t<\/div>\n\t\t<div class=\"elementor-element elementor-element-adc53f2 e-con-full e-flex e-con e-child\" data-id=\"adc53f2\" data-element_type=\"container\" data-settings=\"{&quot;background_background&quot;:&quot;classic&quot;}\">\n\t\t\t\t<div class=\"elementor-element elementor-element-36baa0b elementor-widget elementor-widget-image\" data-id=\"36baa0b\" data-element_type=\"widget\" data-widget_type=\"image.default\">\n\t\t\t\t\t\t\t\t\t\t\t\t\t\t\t<img loading=\"lazy\" decoding=\"async\" width=\"622\" height=\"649\" src=\"https:\/\/gunashekar-avocat.fr\/wp-content\/uploads\/2025\/12\/Rectangle-313.jpg\" class=\"attachment-2048x2048 size-2048x2048 wp-image-140\" alt=\"\" srcset=\"https:\/\/gunashekar-avocat.fr\/wp-content\/uploads\/2025\/12\/Rectangle-313.jpg 622w, https:\/\/gunashekar-avocat.fr\/wp-content\/uploads\/2025\/12\/Rectangle-313-288x300.jpg 288w\" sizes=\"(max-width: 622px) 100vw, 622px\" \/>\t\t\t\t\t\t\t\t\t\t\t\t\t\t\t<\/div>\n\t\t\t\t<\/div>\n\t\t\t\t\t<\/div>\n\t\t\t\t<\/div>\n\t\t\t\t<\/div>\n\t\t","protected":false},"excerpt":{"rendered":"<p>Expertises Demandes relatives \u00e0 l\u2019ex\u00e9cution du contrat de travail\u00a0: Contestation de sanctions (bl\u00e2me, avertissement, mise \u00e0 pied disciplinaire, etc.), D\u00e9nonciation de faits de violence au travail, Harc\u00e8lement moral (harc\u00e8lement manag\u00e9rial, organisationnel, etc.) et sexuel, Discrimination (\u00e0 raison de l\u2019\u00e9tat de sant\u00e9, orientation sexuelle, sexe, origine, (pr\u00e9tendue) race, grossesse, etc.), Rappel d\u2019heures suppl\u00e9mentaires (y compris pour [&hellip;]<\/p>\n","protected":false},"author":1,"featured_media":0,"parent":0,"menu_order":0,"comment_status":"closed","ping_status":"closed","template":"","meta":{"footnotes":""},"class_list":["post-98","page","type-page","status-publish","hentry"],"_links":{"self":[{"href":"https:\/\/gunashekar-avocat.fr\/index.php?rest_route=\/wp\/v2\/pages\/98","targetHints":{"allow":["GET"]}}],"collection":[{"href":"https:\/\/gunashekar-avocat.fr\/index.php?rest_route=\/wp\/v2\/pages"}],"about":[{"href":"https:\/\/gunashekar-avocat.fr\/index.php?rest_route=\/wp\/v2\/types\/page"}],"author":[{"embeddable":true,"href":"https:\/\/gunashekar-avocat.fr\/index.php?rest_route=\/wp\/v2\/users\/1"}],"replies":[{"embeddable":true,"href":"https:\/\/gunashekar-avocat.fr\/index.php?rest_route=%2Fwp%2Fv2%2Fcomments&post=98"}],"version-history":[{"count":79,"href":"https:\/\/gunashekar-avocat.fr\/index.php?rest_route=\/wp\/v2\/pages\/98\/revisions"}],"predecessor-version":[{"id":333,"href":"https:\/\/gunashekar-avocat.fr\/index.php?rest_route=\/wp\/v2\/pages\/98\/revisions\/333"}],"wp:attachment":[{"href":"https:\/\/gunashekar-avocat.fr\/index.php?rest_route=%2Fwp%2Fv2%2Fmedia&parent=98"}],"curies":[{"name":"wp","href":"https:\/\/api.w.org\/{rel}","templated":true}]}}